prime number?
False
Is 26341818653 prime?
True
Is 824221679 composite?
False
Is 11395342873 prime?
False
Is 541749497 a prime number?
False
Is 28010881091 a composite number?
False
Is 515232461 a prime number?
True
Is 52557004237 a composite number?
True
Is 2929793891 a composite number?
True
Is 2352393193 a prime number?
False
Is 1820814811 prime?
True
Is 789072191 a prime number?
False
Is 168726463 a prime number?
False
Is 10052517407 prime?
True
Is 2688552553 a prime number?
True
Is 79891256561 a prime number?
False
Is 908769707 a prime number?
False
Is 35257018873 prime?
True
Is 19584908039 a composite number?
True
Is 28524638899 prime?
True
Is 904086091 a prime number?
True
Is 525536269 composite?
True
Is 98461201219 composite?
True
Is 323855179 composite?
True
Is 1513212203 a composite number?
False
Is 1907933721 a prime number?
False
Is 464285697 prime?
False
Is 5617711993 prime?
False
Is 2482094177 prime?
True
Is 870916331 prime?
True
Is 6431543399 a prime number?
True
Is 9269030633 prime?
True
Is 1680919057 a prime number?
False
Is 711228851 prime?
False
Is 437318227 a composite number?
False
Is 84554935 prime?
False
Is 32009424479 a composite number?
True
Is 1203954317 prime?
True
Is 14750701531 a composite number?
True
Is 9681198115 a composite number?
True
Is 157909757 a composite number?
False
Is 7869792923 a prime number?
True
Is 1825630801 a prime number?
False
Is 24319638209 a prime number?
True
Is 2384567285 composite?
True
Is 16727405329 a prime number?
True
Is 4770213069 prime?
False
Is 24565951 composite?
False
Is 27200774087 a prime number?
True
Is 1730761787 prime?
True
Is 25022499067 prime?
False
Is 132324217 prime?
True
Is 12786673993 a prime number?
True
Is 650716771 composite?
False
Is 254415372119 a composite number?
True
Is 10020852641 composite?
True
Is 5677719193 prime?
True
Is 4525350094 a composite number?
True
Is 155000191 composite?
True
Is 2512599431 composite?
False
Is 8891184167 prime?
True
Is 109373269451 composite?
True
Is 679154491 composite?
False
Is 4577617 a prime number?
False
Is 3003867133 a composite number?
False
Is 27316201021 prime?
True
Is 27772355203 a prime number?
True
Is 112668663277 prime?
True
Is 260978621 a composite number?
False
Is 275132359 a prime number?
False
Is 8172396311 a prime number?
True
Is 304890073 composite?
True
Is 247061435917 a prime number?
True
Is 3523886117 composite?
False
Is 3514562453 a composite number?
False
Is 5101415141 prime?
True
Is 805809229 prime?
True
Is 5862565081 composite?
True
Is 120241027 composite?
False
Is 37705431637 prime?
True
Is 2473654633 a composite number?
False
Is 943485421 prime?
True
Is 15333240401 a prime number?
True
Is 1249892914 a composite number?
True
Is 191766247 a prime number?
True
Is 51109030831 prime?
True
Is 626030683 a composite number?
False
Is 3662296571 composite?
False
Is 590304679 prime?
True
Is 13515332849 composite?
True
Is 829619689 prime?
True
Is 91171992001 a composite number?
True
Is 22185415073 composite?
False
Is 114087047 a composite number?
False
Is 823293787 a prime number?
True
Is 3915722518 prime?
False
Is 8383791161 prime?
True
Is 93521933729 a composite number?
True
Is 29897423407 a composite number?
True
Is 5023416869 prime?
True
Is 5559696773 a prime number?
False
Is 38977656073 prime?
True
Is 433881601 composite?
False
Is 487847161 prime?
False
Is 3056922307 composite?
True
Is 1332723521 a composite number?
True
Is 5831637191 composite?
False
Is 8400457303 a prime number?
False
Is 112689671 prime?
True
Is 190905059 a prime number?
False
Is 253024817231 composite?
False
Is 1344408499 a prime number?
False
Is 19264854463 a prime number?
False
Is 1606115083 a composite number?
False
Is 45014798333 composite?
False
Is 538671091 a composite number?
True
Is 174301481 a prime number?
True
Is 385087333 prime?
True
Is 676169863 prime?
False
Is 28297443439 a prime number?
True
Is 383724743 a prime number?
False
Is 1179043505 a prime number?
False
Is 281387263 a prime number?
True
Is 848571281 composite?
True
Is 1086010447 prime?
True
Is 1334663423 a composite number?
True
Is 151321091 prime?
True
Is 46286545793 a composite number?
False
Is 331269188591 prime?
False
Is 5181225683 prime?
True
Is 160997533 a prime number?
False
Is 1973351087 composite?
False
Is 6995406391 a prime number?
True
Is 276363161 composite?
False
Is 58420984327 prime?
True
Is 88659962858 a composite number?
True
Is 8759576377 prime?
True
Is 437432487 a prime number?
False
Is 13737391 prime?
False
Is 728016491 a prime number?
True
Is 8913543449 a composite number?
False
Is 28464394481 a prime number?
False
Is 3038463899 composite?
False
Is 1490013097 a prime number?
False
Is 4075354667 composite?
False
Is 1378368281 a prime number?
False
Is 347622451 a prime number?
False
Is 2582891123 a composite number?
False
Is 6294977443 composite?
False
Is 642847259 composite?
False
Is 3291763493 a prime number?
False
Is 1982388787 a prime number?
False
Is 46141959683 prime?
False
Is 1479451009 a prime number?
True
Is 715371401 composite?
True
Is 80897093 prime?
True
Is 3020150811 a prime number?
False
Is 98494433 a composite number?
False
Is 3039806849 prime?
False
Is 293271728387 prime?
False
Is 47587679099 composite?
False
Is 252208829 a composite number?
False
Is 2422863871 composite?
False
Is 10735761041 prime?
False
Is 38702276023 prime?
False
Is 1430125007 prime?
False
Is 4406010287 prime?
False
Is 5119261501 prime?
False
Is 415638827 prime?
True
Is 8272226647 composite?
True
Is 1313106827 a prime number?
True
Is 403359563 a composite number?
True
Is 953863247 a prime number?
True
Is 4916254523 prime?
True
Is 381510353 a composite number?
True
Is 281321102173 a composite number?
True
Is 232227323 composite?
True
Is 56698975997 a prime number?
True
Is 58430163619 a prime number?
True
Is 15959612059 a composite number?
False
Is 240259511 prime?
True
Is 2563157851 a prime number?
False
Is 11774379739 prime?
False
Is 82989209203 a composite number?
False
Is 737347811 a prime number?
False
Is 966064843 prime?
True
Is 90857138969 a prime number?
True
Is 908055521 prime?
True
Is 256591276079 prime?
True
Is 51700275181 a composite number?
True
Is 6170359289 a composite number?
False
Is 38280408941 a prime number?
True
Is 25928584889 composite?
False
Is 236290559 prime?
False
Is 3769685287 composite?
True
Is 13983019541 a composite number?
False
Is 134544517 prime?
True
Is 268194401 prime?
True
Is 35440369309 composite?
False
Is 50348518931 a prime number?
False
Is 6151802981 a composite number?
False
Is 5669591269 a prime number?
False
Is 733459893 a prime number?
False
Is 867101791 composite?
True
Is 4737793877 composite?
True
Is 414992107 a prime number?
False
Is 9038319371 composite?
False
Is 9322262473 composite?
True
Is 169266029 prime?
False
Is 21464639 a composite number?
True
Is 1902665671 prime?
True
Is 3069832067 composite?
True
Is 2359295191 a composite number?
True
Is 24027324059 a composite number?
True
Is 124380967741 a prime number?
True
Is 32004519119 prime?
False
Is 17971001623 prime?
False
Is 29943504161 a prime number?
False
Is 197484449 composite?
False
Is 7188537457 a prime number?
False
Is 37309882373 a prime number?
True
Is 3662005811 a composite number?
True
Is 21967420259 prime?
True
Is 3179920099 prime?
True
Is 5383678129 prime?
False
Is 1414916915 a composite number?
True
Is 616129229 a prime number?
False
Is 1655409589 composite?
False
Is 9996253741 composite?
False
Is 9810196529 composite?
True
Is 301887151 composite?
True
Is 10657710977 prime?
True
Is 10243010915 a prime number?
False
Is 4104397799 a composite number?
True
Is 16771979959 a prime number?
False
Is 8807921413 prime?
True
Is 206808353 a prime number?
True
Is 4909730143 a composite number?
False
Is 14402266951 a prime number?
True
Is 12722969209 a composite number?
False
Is 104714188797 prime?
False
Is 254600291791 composite?
False
Is 25499224573 prime?
False
Is 11722393339 composite?
False
Is 138615445643 a composite number?
True
Is 33762936919 composite?
True
Is 843180011 composite?
False
Is 33412580833 a prime number?
True
Is 1839682433 a composite number?
False
Is 15541775827 a prime number?
True
Is 152408347307 prime?
True
Is 2293086853 a composite numb